t of w(p)?
1
Let h(u) = 2*u - 20. Let f be h(10). Suppose f*o - o = 6. What is the units digit of (-4)/(-12) + (-34)/o?
6
Suppose 4986 = -14*x + 15*x - 2*d, -x + d + 4981 = 0. What is the thousands digit of x?
4
Let z(q) = -3*q**2 + 42*q + 4. Let y be z(14). Suppose -700 = -y*h + 48. What is the units digit of h?
7
Suppose 3*z + 2*b + 5 = 11, 5*z - 10 = 2*b. Suppose 0 = z*p - 10, -5*q + 5 = 3*p - 190. What is the tens digit of q?
3
Suppose 2*r + 56 = -56. Let j = -31 - r. What is the tens digit of j?
2
Suppose 3*p + 9 - 24 = 0. Suppose p*h - 185 = 430. What is the units digit of h?
3
Suppose 2*r - 66 = 5*l, 5*l = -2*r + 4*l + 42. Suppose 5*a - r - 57 = 0. What is the units digit of a?
6
Let p(q) = 15*q**2 + 2*q + 3. Let i be p(-3). Suppose 5*h - 123 = i. What is the tens digit of h?
5
Suppose 7*k + 210 = 10*k. Let n be (12/(-10))/((-42)/k). Suppose -3*g + 80 = n*g. What is the tens digit of g?
1
Let v(p) = p**3 + 9*p**2 - 12*p - 9. Let b be v(-10). Let l = -12 - -5. Let z = l + b. What is the units digit of z?
4
Suppose 77*h = 75*h + 24. What is the units digit of 2/h - (3 + 339/(-18))?
6
Let a be (42/(-15) - -2)*5/(-2). Suppose 0*g - 46 = -a*g. What is the units digit of g?
3
Suppose 41*j = 33*j + 2168. What is the hundreds digit of j?
2
Let s(f) = 4*f**2 - 8*f. Let h(m) = -3*m**2 + 7*m. Let k(l) = 5*h(l) + 4*s(l). Let t be k(4). What is the tens digit of (-131)/(-7) + 8/t?
1
Suppose -b + 1300 = j, 4*b - 3994 - 1222 = 4*j. What is the tens digit of b?
0
Let y(m) = 5*m - 23. Let v be y(4). What is the tens digit of (v/12)/(1/(-284))?
7
What is the tens digit of (-15 + -91)*27/(-6)?
7
Suppose -2640 = b - 17*b. What is the units digit of b?
5
Let m = 17 + -15. Suppose -5*q - 110 = m*r, 6*r + q = 4*r - 102. What is the units digit of 20/r - 152/(-5)?
0
Let q(m) = -5*m**2 + 3*m. Let d(j) = j**3 + 16*j**2 - 8*j - 1. Let c(k) = 2*d(k) + 7*q(k). Let y be c(2). Suppose y = 5*z - 13. What is the units digit of z?
5
Let y(p) = -390*p**3 - 4*p**2 - 4*p - 1. What is the hundreds digit of y(-1)?
3
Let o(a) = -a**2 - 16*a - 1. Let w be o(-11). Let j = 112 - w. Let x = j - 34. What is the tens digit of x?
2
Let q(t) = 93 - 190 + 30*t - 5*t + 92. What is the tens digit of q(4)?
9
Let f(i) = i**2 - i - 7. Let z be f(3). Let c(y) = -y**3 - 6*y**2 + 4. Let k(h) = -h**2 - h + 1. Let s(p) = z*c(p) + 4*k(p). What is the units digit of s(-3)?
3
Let k be 12/10*20/6. Let f be (3/k)/((-1)/(-12)). Suppose -v + 14 = -f. What is the units digit of v?
3
Let f(v) = v**3 + 27*v**2 + 23*v + 33. What is the units digit of f(-15)?
8
Suppose -76 = 6*a - 2*a. Let l = 86 + a. What is the units digit of l/3 - (-18)/27?
3
Let f(k) = 2*k**2 + 12*k - 11 - 2*k - 5*k + 11*k. What is the units digit of f(-12)?
5
Suppose -4*c - 6 = -3*b + 1, -3*b + 21 = 3*c. Suppose -2*z - 60 = -x, 2*z = x - c*z - 62. What is the tens digit of x?
5
Suppose -9 = 2*o - 131. Suppose -6*b - o + 817 = 0. What is the units digit of b?
6
Let u(z) = 96*z + 121. What is the units digit of u(7)?
3
Let j(z) = -5*z**2 + 9*z + 6. Let p(x) = -14*x**2 + 26*x + 18. Let n(a) = -11*j(a) + 4*p(a). Let l be n(6). What is the tens digit of (-663)/(-13) - (l + 1)?
5
Let d(r) = -121*r - 115. Let t(b) = -24*b - 23. Let j(p) = -2*d(p) + 11*t(p). What is the tens digit of j(-6)?
0
Let y(u) = -17*u + 32. Let a be y(-8). Let s = a - 72. What is the units digit of s?
6
Suppose 4*w + 19 = -3*g, 7 = -3*g + 2*g - w. Let h = 12 + g. Suppose -4*a - h = -23. What is the units digit of a?
5
Let x = -353 - -346. Suppose f - 2*v + 77 = 0, -v = -0*v. What is the tens digit of (-296)/x - (-22)/f?
4
Suppose -4*q = -5*o - 20, -2*q + q - 4*o = 16. Suppose q = -5*b + 3*b + 4. What is the units digit of b?
2
Let y = 52 + 366. What is the units digit of y?
8
Let l be 2/(-11) - (-138)/33. Suppose -b - l = b + 2*t, -3*t = 5*b + 6. Suppose 4*k + h - 64 = b, 30 = 2*k + h - 2. What is the units digit of k?
6
Let b(g) = 3*g - 7. Suppose -3*z = -21 + 15. Let t(f) = 4*f**2 - 1. Let m be t(z). What is the tens digit of b(m)?
3
Let z = 32 - 19. Suppose 0 = 8*s - z*s + 15. Let b = 4 - s. What is the units digit of b?
1
Suppose s = 5*b + 1764, s - 13*b + 12*b - 1776 = 0. What is the hundreds digit of s?
7
Let f(n) = n. Let l be f(9). Let w(p) = 14*p - 9. What is the tens digit of w(l)?
1
Suppose 3*u - 19 = -5*l + 5, 4*u - 32 = -5*l. Suppose -10*b + 10 = -u*b. What is the units digit of b?
5
Let q(s) = -3*s**3 - 2*s**2. Let r be q(-2). Suppose -1 + r = 5*z. What is the tens digit of 25 + z*(3 + -2)?
2
What is the units digit of (-16 + -1)*(-1632)/12?
2
Let w(a) = -a**3 + 12*a**2 - 15*a - 8. Let p be w(9). Suppose 0*z - 2*m = 2*z - p, z - m - 40 = 0. What is the units digit of z?
5
Let z(t) = -2*t - 2 - 3*t - 3*t**2 + t. Let s be z(-2). What is the units digit of (4 + s/3)*2?
4
Let m(a) = -a + 11. Let f = 12 - 6. Let k be m(f). Suppose 108 = k*y - y. What is the tens digit of y?
2
What is the units digit of (2 - 4)/((-1)/148)?
6
Let o = -23 - -18. Let f be (0/(-3))/(10/o). Suppose 2*a - a - 3 = f. What is the units digit of a?
3
What is the thousands digit of (-32394)/(-27) + 42/189?
1
Let x = 751 + -51. Let h = x + -376. What is the units digit of (h/48)/((-1)/(-4))?
7
What is the hundreds digit of 8*4*(4 - 730/(-40))?
7
Suppose 4*j - 2*q - 2*q + 60 = 0, 3*j + 37 = q. Let l = -9 - j. What is the units digit of l?
2
Suppose 0 = 25*s + 36*s - 66856. What is the units digit of s?
6
Suppose -6*p = -4*p - 26. Let m(u) = u + 8 - 13*u**2 - 1 + u**3 - 3. What is the units digit of m(p)?
7
Let m be -1*2/13 + 504/234. Suppose -m*z = -0*i + 4*i - 486, 2*z = 4*i - 498. What is the units digit of i?
3
Let p(a) = 4*a - 64. Let f be p(10). Let y = -17 - f. What is the units digit of y?
7
Suppose 0 = 20*w - 25*w. Suppose 4*y + 4*j = -w*j + 52, 0 = -y + 4*j - 12. What is the units digit of y?
8
Let b(l) = -79*l**3 + 3*l + 2. Let q = 36 + -37. What is the units digit of b(q)?
8
What is the units digit of (-102)/68 + 4078/4?
8
Let o(r) = -307*r**3 + r**2 - r + 1. Let w be o(1). Let p = w - -473. What is the units digit of p?
7
Suppose 3*i + 9 = -r, -3*r + 13 = i - 2*i. Let o(d) = -4*d**2 - d + 5. Let g be o(i). What is the units digit of 6/4 - g/10?
7
Let x(c) = -1. Let q(b) = 3*b + 13. Let n(v) = -q(v) + 6*x(v). What is the tens digit of n(-15)?
2
Suppose -5 = -3*a + 2*a. Suppose 3*x = -3*m + 66, a*x + 0*m + 4*m - 106 = 0. What is the units digit of x?
8
Let g(h) = 4*h - 9. Let u be g(-2). What is the tens digit of 38 - (u/15 + 32/240)?
3
Let p = 2 - 14. Let y be 2*p/8*-1. Suppose -y*n + 4*w = -129, 0 = 2*n - 5*n + w + 120. What is the tens digit of n?
3
Let n(c) = -14*c + 16. What is the tens digit of n(-42)?
0
Suppose 0 = -5*k - 23 + 53. Suppose -p = -130 + k. What is the hundreds digit of p?
1
Let p(l) = -19*l - 20 - 6 - 8*l. What is the units digit of p(-7)?
3
Suppose -158 = -2*n - 4*f, -4*n + f + 2*f = -283. Suppose n = 4*o - 51. What is the tens digit of o?
3
Suppose 12*w - 20*w + 960 = 0. Let v = 44 + -30. Suppose v*l = 11*l + w. What is the tens digit of l?
4
Suppose 11*t = 6*t + 3*c + 2013, -5*c + 2045 = 5*t. What is the hundreds digit of t?
4
Let b be (-3)/((1 - -2)/3). Let f(c) = -c**3 - 2*c**2 - 5*c - 9. What is the units digit of f(b)?
5
Let o(t) be the second derivative of t**4/6 + t**3/3 - 19*t**2/2 + 25*t. What is the units digit of o(-8)?
3
Let d(h) = 4*h**2 - 3*h + 8. Let l(k) = k + 8. Let t be l(-12). Let x be d(t). Suppose 6*b = -x + 354. What is the units digit of b?
5
Let s = 66 - 62. Suppose -469 - 215 = -s*w. What is the hundreds digit of w?
1
Let n(x) = -8*x + 1. Let c(v) = 77*v + 56. Let l(q) = -4*q - 3. Let t(d) = 3*c(d) + 56*l(d). Let r(z) = -6*n(z) - 7*t(z). What is the units digit of r(-12)?
6
Let l = 12 - -128. What is the units digit of (-1)/(3 - 424/l)?
5
Let q(g) be the first derivative of -g**2/2 + 37*g - 1. What is the units digit of q(-16)?
3
Suppose -31*l = -39*l + 11864. What is the units digit of l?
3
Suppose 12*s + 29*s = 30299. What is the units digit of s?
9
Let a(b) = -26*b**3 - 7*b**2 - 3*b + 2. Let h be a(-3). Suppose -3*z + 392 = -v, h = 4*z + z - 5*v. What is the units digit of z?
1
Suppose 0 - 12 = -4*f, -15 = -3*v - 5*f. Suppose 0 = -v*t + 3*t. Suppose 4*z = x - 17, -5*z = -t*x - 2*x + 34. What is the tens digit of x?
1
What i